 3*x + 10*x**2. Let k = -220 + 211. List the prime factors of u(k).
2, 23
Suppose 42812 = -184*s + 195*s - 97955. List the prime factors of s.
67, 191
Let d be (5 + 3)/1 + -3. Suppose 0 = -11*x + d*x + 12. Suppose a + 2*y - 164 = 0, 4*y - 95 + 399 = x*a. What are the prime factors of a?
2, 79
Suppose 243 = 15*x - 24*x. Let b = 141 - x. List the prime factors of b.
2, 3, 7
Suppose -2*a = 11*a + 22*a - 117040. List the prime factors of a.
2, 11, 19
Suppose 3*q = -5*t + 129518, -156*t + 151*t = 5*q - 215870. List the prime factors of q.
2, 3, 7, 257
Let f(z) = z**3 + 4*z**2 + z + 2. Let l be f(-3). Let h be (l + 1)/(1/1). Let w = h - -31. What are the prime factors of w?
2, 5
List the prime factors of 80/32 + (-498595)/(-10).
2, 107, 233
Let y = -27195 + 50720. List the prime factors of y.
5, 941
Suppose 67 + 103 = 5*h. Suppose -h*l + 1423 + 36011 = 0. List the prime factors of l.
3, 367
Let l = -21664 + 46380. What are the prime factors of l?
2, 37, 167
Let m(s) = 12*s + 293. Let v be m(-24). Suppose 0 = -5*u + v*h + 6360, 0 = u - 8*h + 12*h - 1277. What are the prime factors of u?
19, 67
Suppose 0 = l - 5 - 3. Let n be (14/l)/((-1)/8). Let b(c) = -c + 33. List the prime factors of b(n).
47
Let g(a) = -a**2 - a + 3. Let k be g(0). Let y = -5 + k. What are the prime factors of 1/y + 394/4?
2, 7
Let r(v) = v**2 + 7*v + 23. Let c be -1 + 3 + (-1 - 0/4). Suppose 2*w + c = -19. List the prime factors of r(w).
53
Let v be -4 - -2 - (-3 - -1)/1. Suppose -o + 0*o + 20 = v. Suppose -3*p + 15 = 0, o + 40 = f - 5*p. What are the prime factors of f?
5, 17
Let v = 16067 - 8354. What are the prime factors of v?
3, 857
Suppose 4*j - 5*r = -7*r + 10, 4*j - 5*r = 45. Suppose -310 - 555 = -j*v. What are the prime factors of v?
173
Suppose -5*g + 5*v + 2945 = 0, -33*g + 5*v - 565 = -34*g. Suppose 60*u = 57*u + g. List the prime factors of u.
3, 5, 13
List the prime factors of (-1 + 3 + -1)*(4245 - 0).
3, 5, 283
Let c be -3*6/18*(0 + -1). Suppose 5*u - 3*j - 8 = -c, 2*j = 2. Suppose -256 = -u*l - 62. List the prime factors of l.
97
Suppose 3*v - 32677 = -v - i, -8167 = -v + 2*i. List the prime factors of v.
3, 7, 389
Let x be ((-38)/(-4))/(2/20). Suppose -3*w + x = j - 28, 2*j - 4*w - 236 = 0. Let k = -10 + j. List the prime factors of k.
2, 5, 11
Let s(d) = d**2 + 6*d + 4. Let f be s(-4). Let a be 131/(65/15 + f). Suppose 0 = o + 5*c - 211, -3*c - a - 29 = -2*o. List the prime factors of o.
211
Suppose 2*v - 3*o = -0*o + 11718, o - 23450 = -4*v. What are the prime factors of v?
2, 3, 977
Let f(z) = 3943*z**2 - 96*z - 275. List the prime factors of f(-3).
2, 5, 71
Suppose -10*f + 5*f = -2550. Suppose f = 133*w - 127*w. List the prime factors of w.
5, 17
Suppose -3*w + 48023 = -c - 4867, c - 88142 = -5*w. What are the prime factors of w?
17, 61
Let u be 16/12*(-51)/(-34). Suppose 0*i = -3*i + 6. Suppose -u*n = -4*x - 458, 5*x - 3*x + 452 = i*n. What are the prime factors of n?
223
Let z(r) = 2226*r - 21. List the prime factors of z(4).
3, 7, 47
Let d(c) = c**2 - 3*c + 5. Let j be d(-8). Suppose 0*k = 3*k + j. Let h = k - -52. What are the prime factors of h?
3, 7
Suppose -12*a = -11*a - 4*p - 1, -6 = -a - p. Suppose 1185 = a*c - h, 3*c - h + 957 = 7*c. List the prime factors of c.
2, 7, 17
Let c be ((-2)/5)/((-8)/(-1720)). Let d = -33 + 35. List the prime factors of d - -2 - (-3)/((-6)/c).
47
Suppose 42*t - 25*t = 24*t - 179928. List the prime factors of t.
2, 3, 7, 17
Suppose 5*i - 2*i = 33. What are the prime factors of (-2)/i + 8764/44?
199
Let q be -4 + (6 - -1 - -1). List the prime factors of (q/(-8)*17)/((-4)/112).
2, 7, 17
Let u = -3612 + 22887. What are the prime factors of u?
3, 5, 257
Suppose 2*q + 15 = 7*q. Suppose -948 = -2*k - 4*v - 94, -q*k + 1295 = -v. List the prime factors of k.
431
Let z(h) = -4961*h - 740. List the prime factors of z(-1).
3, 7, 67
Let m be (1/4)/((-2)/16*-1). Suppose -202 - 594 = -m*j. What are the prime factors of j?
2, 199
Let i(j) = 4*j**2 + 6*j + 2. Let f be i(5). Let p be (7/14)/(7/10038). Suppose 3*o + f = p. List the prime factors of o.
3, 5, 13
Suppose -16 - 4 = 5*v, 2*k + 2*v + 316 = 0. Let g = 298 - k. List the prime factors of g.
2, 113
Let r = -20740 - -33848. What are the prime factors of r?
2, 29, 113
Suppose 0 = -2*a + 9839 - 1109. List the prime factors of a.
3, 5, 97
Suppose 49877 = 2*n + 5*r - 49607, -2*n = 7*r - 99496. List the prime factors of n.
49727
Suppose 5*l - 16 = l. Suppose l*a = -5*k, -3 - 21 = -k + 4*a. Suppose m + 2*m - 3*t - 153 = 0, -5*m - k*t = -228. What are the prime factors of m?
2, 3
Let r = -15011 + 29293. List the prime factors of r.
2, 37, 193
Let g = -58 - -28. Let x = -30 - g. Suppose x*w - 57 = -y + 4*w, 3*w = -4*y + 247. List the prime factors of y.
61
Let t(y) = -y**3 + 5*y - 4. Let k(m) = -2*m**3 - m**2 + 10*m - 8. Let w(l) = 2*k(l) - 5*t(l). List the prime factors of w(7).
2, 107
Let s = -134 + 24. Let f be (-84)/15*s/4. Suppose -f - 2 = -2*z. List the prime factors of z.
2, 3, 13
Suppose -5*g + 680 = 4*b - 14859, 4*b + 15571 = 5*g. What are the prime factors of g?
3, 17, 61
Let b = -10445 + 23645. Suppose -130*d + 122*d + b = 0. What are the prime factors of d?
2, 3, 5, 11
Let f(y) = -y**2 - 63*y + 67. Let s be f(-51). Let o = 785 - s. What are the prime factors of o?
2, 53
Suppose 4*n = 5*p + 47690, -4*n - 3*p + 47666 = -4*p. List the prime factors of n.
5, 2383
Suppose 27*u - 171855 = -0*u + 8*u. What are the prime factors of u?
3, 5, 67
Let l(b) = 5*b**2 + 25*b - 15. Let w(f) = -f**2 - 1. Let v(i) = -l(i) - 2*w(i). Suppose -54 + 14 = 5*c. List the prime factors of v(c).
5
Suppose -2*q + 5*d = -47930, -22*q + 3*d + 71922 = -19*q. What are the prime factors of q?
2, 5, 11, 109
Let d(t) = -3*t**2 + 5*t - 2. Let n be d(-4). What are the prime factors of -4 - ((-2)/14 - (-56620)/n)?
5, 7, 23
Suppose -4 = -2*k - 4*r, 0 = -4*k + 3*r - 3 - 0. List the prime factors of (-18 + k)/3 - -135.
3, 43
Let y(d) = -103*d + 3286. List the prime factors of y(0).
2, 31, 53
List the prime factors of (-61615)/(-2) - 750/300.
5, 61, 101
Let i(w) be the first derivative of -2*w**3 + 0*w**2 - 1/2*w**4 - 18 + 2*w. What are the prime factors of i(-4)?
2, 17
Let h = 268 - 269. List the prime factors of ((-1052)/(-7))/(h + (-27)/(-21)).
2, 263
Let n(i) = -16*i**2 - 7*i - 5. Let s be n(-1). Let a(q) = -q**3 - 11*q**2 - 12*q + 87. List the prime factors of a(s).
3, 281
Suppose 9*k - 38688 = -7*k. Suppose -1872 = -15*p + k. List the prime factors of p.
2, 11, 13
Let r be -44 - (0/3)/4. List the prime factors of (-6061)/r + 1/4.
2, 3, 23
Let m(p) = 5*p + 144. Let v be m(34). Let n = v + -227. List the prime factors of n.
3, 29
Let u(i) = -80*i - 3. Let s be u(-2). Let o = -228 + s. Let j = -20 - o. What are the prime factors of j?
3, 17
Suppose -2*z + 1938 = -2*m, -2*m + 4*z - 725 - 1207 = 0. Let y = m + 1523. What are the prime factors of y?
19, 29
Let k(z) = z + 7. Let l = -19 - -4. Let p = 18 + l. What are the prime factors of k(p)?
2, 5
Suppose -u - 1652 = 2598. Let c(z) = -2*z**3 + 23*z**2 - 13*z + 30. Let s be c(11). What are the prime factors of u/(-40) - 2/s?
2, 53
Let m be 7/5 + (-2 - (-8)/5). Let i be m + (-5)/2 + 3/2. Suppose 5*l + t - 96 = i, -5*l = -4*t - 122 + 31. List the prime factors of l.
19
Suppose -24 = -2*o - 16. Suppose 0 = -6*g + o*g + 368. Suppose g = -w + 5*w + 2*k, 229 = 5*w + 3*k. List the prime factors of w.
47
Let b(t) = -246*t - 146. Let v be (7/(21/(-9)))/1. What are the prime factors of b(v)?
2, 37
Suppose 76*d - 7248 = 74*d. List the prime factors of d.
2, 3, 151
Let m be -2 + (-3 - -5) + 4/2. Suppose m*x = 7*x + 1155. Let i = x - -394. List the prime factors of i.
163
Suppose -30*j + 0*j + 390 = 0. Let o(d) = 2*d**3 - 25*d**2 + 17*d - 12. List the prime factors of o(j).
2, 3, 7
Let r(t) = -t**3 + 11*t**2 + 6*t - 8. Let y(p) = 3*p**2 + 16*p - 9. Let v be y(-9). Let z = 100 - v. List the prime factors of r(z).
2, 19
Let s = -9 + 14. Suppose 90 = s*n - 2*q, q = n - 3*q. List the prime factors of (18 - 15) + 6*n.
3, 41
Suppose 3*v = 8*v + 4*w - 214880, -3*v - w + 128921 = 0. What are the prime factors of v/28 + (-34)/(-119)?
5, 307
Suppose 0 = 30*l + 26*l - 21*l - 1008805. What are the prime factors of l?
19, 37, 41
Let x = 72 + -61. Let v(i) = 6*i**2 - 35*i + 26. What are the p